{"id":318,"date":"2018-05-12T21:50:03","date_gmt":"2018-05-12T21:50:03","guid":{"rendered":"http:\/\/www.bewegung-und-interaktion.at\/?page_id=318"},"modified":"2018-05-12T21:50:17","modified_gmt":"2018-05-12T21:50:17","slug":"impressum-und-datenschutz","status":"publish","type":"page","link":"https:\/\/bewegung-und-interaktion.at\/index.php\/impressum-und-datenschutz","title":{"rendered":"Impressum und Datenschutz"},"content":{"rendered":"<h3>Impressum<\/h3>\n<p>Hermine Moser, Obere Hafnerzeile 16, A 4240 Freistadt<br \/>\n07942 72521, hermine.moser@jomo.org<\/p>\n<h3>Datenschutz laut DSGVO<\/h3>\n<p>Die Vorschriften zur DSGVO wurden \u00fcberpr\u00fcft. Es werden keine Daten gespeichert und weiterverarbeitet. Lediglich bei Ihren Kommentaren werden die von Ihnen eingegeben Daten in die Datenbank aufgenommen, damit Ihr Kommentar angezeigt werden kann. Die IP-Adressen werden nicht gespeichert, IP-Adressen von fr\u00fcheren Kommentaren wurden gel\u00f6scht. Verantwortlich f\u00fcr den Datenschutz dieser Seite: Hermine Moser, hermine.moser@jomo.org.<\/p>\n<h3><\/h3>\n","protected":false},"excerpt":{"rendered":"<p>Impressum Hermine Moser, Obere Hafnerzeile 16, A 4240 Freistadt 07942 72521, hermine.moser@jomo.org Datenschutz laut DSGVO Die Vorschriften zur DSGVO wurden \u00fcberpr\u00fcft. Es werden keine Daten gespeichert und weiterverarbeitet. Lediglich bei Ihren Kommentaren werden die von Ihnen eingegeben Daten in die &hellip; <a href=\"https:\/\/bewegung-und-interaktion.at\/index.php\/impressum-und-datenschutz\">Weiterlesen <span class=\"meta-nav\">&rarr;<\/span><\/a><\/p>\n","protected":false},"author":3,"featured_media":0,"parent":0,"menu_order":2,"comment_status":"closed","ping_status":"closed","template":"","meta":{"footnotes":""},"class_list":["post-318","page","type-page","status-publish","hentry"],"yoast_head":"<!-- This site is optimized with the Yoast SEO plugin v27.4 - https:\/\/yoast.com\/product\/yoast-seo-wordpress\/ -->\n<title>Impressum und Datenschutz - Bewegung und Interaktion<\/title>\n<meta name=\"robots\" content=\"index, follow, max-snippet:-1, max-image-preview:large, max-video-preview:-1\" \/>\n<link rel=\"canonical\" href=\"https:\/\/bewegung-und-interaktion.at\/index.php\/impressum-und-datenschutz\" \/>\n<meta property=\"og:locale\" content=\"de_DE\" \/>\n<meta property=\"og:type\" content=\"article\" \/>\n<meta property=\"og:title\" content=\"Impressum und Datenschutz - Bewegung und Interaktion\" \/>\n<meta property=\"og:description\" content=\"Impressum Hermine Moser, Obere Hafnerzeile 16, A 4240 Freistadt 07942 72521, hermine.moser@jomo.org Datenschutz laut DSGVO Die Vorschriften zur DSGVO wurden \u00fcberpr\u00fcft. Es werden keine Daten gespeichert und weiterverarbeitet. Lediglich bei Ihren Kommentaren werden die von Ihnen eingegeben Daten in die &hellip; Weiterlesen &rarr;\" \/>\n<meta property=\"og:url\" content=\"https:\/\/bewegung-und-interaktion.at\/index.php\/impressum-und-datenschutz\" \/>\n<meta property=\"og:site_name\" content=\"Bewegung und Interaktion\" \/>\n<meta property=\"article:modified_time\" content=\"2018-05-12T21:50:17+00:00\" \/>\n<meta name=\"twitter:card\" content=\"summary_large_image\" \/>\n<script type=\"application\/ld+json\" class=\"yoast-schema-graph\">{\"@context\":\"https:\\\/\\\/schema.org\",\"@graph\":[{\"@type\":\"WebPage\",\"@id\":\"https:\\\/\\\/bewegung-und-interaktion.at\\\/index.php\\\/impressum-und-datenschutz\",\"url\":\"https:\\\/\\\/bewegung-und-interaktion.at\\\/index.php\\\/impressum-und-datenschutz\",\"name\":\"Impressum und Datenschutz - Bewegung und Interaktion\",\"isPartOf\":{\"@id\":\"https:\\\/\\\/bewegung-und-interaktion.at\\\/#website\"},\"datePublished\":\"2018-05-12T21:50:03+00:00\",\"dateModified\":\"2018-05-12T21:50:17+00:00\",\"breadcrumb\":{\"@id\":\"https:\\\/\\\/bewegung-und-interaktion.at\\\/index.php\\\/impressum-und-datenschutz#breadcrumb\"},\"inLanguage\":\"de\",\"potentialAction\":[{\"@type\":\"ReadAction\",\"target\":[\"https:\\\/\\\/bewegung-und-interaktion.at\\\/index.php\\\/impressum-und-datenschutz\"]}]},{\"@type\":\"BreadcrumbList\",\"@id\":\"https:\\\/\\\/bewegung-und-interaktion.at\\\/index.php\\\/impressum-und-datenschutz#breadcrumb\",\"itemListElement\":[{\"@type\":\"ListItem\",\"position\":1,\"name\":\"Startseite\",\"item\":\"https:\\\/\\\/bewegung-und-interaktion.at\\\/\"},{\"@type\":\"ListItem\",\"position\":2,\"name\":\"Impressum und Datenschutz\"}]},{\"@type\":\"WebSite\",\"@id\":\"https:\\\/\\\/bewegung-und-interaktion.at\\\/#website\",\"url\":\"https:\\\/\\\/bewegung-und-interaktion.at\\\/\",\"name\":\"Bewegung und Interaktion\",\"description\":\"von Hermine Moser\",\"potentialAction\":[{\"@type\":\"SearchAction\",\"target\":{\"@type\":\"EntryPoint\",\"urlTemplate\":\"https:\\\/\\\/bewegung-und-interaktion.at\\\/?s={search_term_string}\"},\"query-input\":{\"@type\":\"PropertyValueSpecification\",\"valueRequired\":true,\"valueName\":\"search_term_string\"}}],\"inLanguage\":\"de\"}]}<\/script>\n<!-- \/ Yoast SEO plugin. -->","yoast_head_json":{"title":"Impressum und Datenschutz - Bewegung und Interaktion","robots":{"index":"index","follow":"follow","max-snippet":"max-snippet:-1","max-image-preview":"max-image-preview:large","max-video-preview":"max-video-preview:-1"},"canonical":"https:\/\/bewegung-und-interaktion.at\/index.php\/impressum-und-datenschutz","og_locale":"de_DE","og_type":"article","og_title":"Impressum und Datenschutz - Bewegung und Interaktion","og_description":"Impressum Hermine Moser, Obere Hafnerzeile 16, A 4240 Freistadt 07942 72521, hermine.moser@jomo.org Datenschutz laut DSGVO Die Vorschriften zur DSGVO wurden \u00fcberpr\u00fcft. Es werden keine Daten gespeichert und weiterverarbeitet. Lediglich bei Ihren Kommentaren werden die von Ihnen eingegeben Daten in die &hellip; Weiterlesen &rarr;","og_url":"https:\/\/bewegung-und-interaktion.at\/index.php\/impressum-und-datenschutz","og_site_name":"Bewegung und Interaktion","article_modified_time":"2018-05-12T21:50:17+00:00","twitter_card":"summary_large_image","schema":{"@context":"https:\/\/schema.org","@graph":[{"@type":"WebPage","@id":"https:\/\/bewegung-und-interaktion.at\/index.php\/impressum-und-datenschutz","url":"https:\/\/bewegung-und-interaktion.at\/index.php\/impressum-und-datenschutz","name":"Impressum und Datenschutz - Bewegung und Interaktion","isPartOf":{"@id":"https:\/\/bewegung-und-interaktion.at\/#website"},"datePublished":"2018-05-12T21:50:03+00:00","dateModified":"2018-05-12T21:50:17+00:00","breadcrumb":{"@id":"https:\/\/bewegung-und-interaktion.at\/index.php\/impressum-und-datenschutz#breadcrumb"},"inLanguage":"de","potentialAction":[{"@type":"ReadAction","target":["https:\/\/bewegung-und-interaktion.at\/index.php\/impressum-und-datenschutz"]}]},{"@type":"BreadcrumbList","@id":"https:\/\/bewegung-und-interaktion.at\/index.php\/impressum-und-datenschutz#breadcrumb","itemListElement":[{"@type":"ListItem","position":1,"name":"Startseite","item":"https:\/\/bewegung-und-interaktion.at\/"},{"@type":"ListItem","position":2,"name":"Impressum und Datenschutz"}]},{"@type":"WebSite","@id":"https:\/\/bewegung-und-interaktion.at\/#website","url":"https:\/\/bewegung-und-interaktion.at\/","name":"Bewegung und Interaktion","description":"von Hermine Moser","potentialAction":[{"@type":"SearchAction","target":{"@type":"EntryPoint","urlTemplate":"https:\/\/bewegung-und-interaktion.at\/?s={search_term_string}"},"query-input":{"@type":"PropertyValueSpecification","valueRequired":true,"valueName":"search_term_string"}}],"inLanguage":"de"}]}},"_links":{"self":[{"href":"https:\/\/bewegung-und-interaktion.at\/index.php\/wp-json\/wp\/v2\/pages\/318","targetHints":{"allow":["GET"]}}],"collection":[{"href":"https:\/\/bewegung-und-interaktion.at\/index.php\/wp-json\/wp\/v2\/pages"}],"about":[{"href":"https:\/\/bewegung-und-interaktion.at\/index.php\/wp-json\/wp\/v2\/types\/page"}],"author":[{"embeddable":true,"href":"https:\/\/bewegung-und-interaktion.at\/index.php\/wp-json\/wp\/v2\/users\/3"}],"replies":[{"embeddable":true,"href":"https:\/\/bewegung-und-interaktion.at\/index.php\/wp-json\/wp\/v2\/comments?post=318"}],"version-history":[{"count":3,"href":"https:\/\/bewegung-und-interaktion.at\/index.php\/wp-json\/wp\/v2\/pages\/318\/revisions"}],"predecessor-version":[{"id":321,"href":"https:\/\/bewegung-und-interaktion.at\/index.php\/wp-json\/wp\/v2\/pages\/318\/revisions\/321"}],"wp:attachment":[{"href":"https:\/\/bewegung-und-interaktion.at\/index.php\/wp-json\/wp\/v2\/media?parent=318"}],"curies":[{"name":"wp","href":"https:\/\/api.w.org\/{rel}","templated":true}]}}