{"id":122,"date":"2008-10-19T08:21:29","date_gmt":"2008-10-19T08:21:29","guid":{"rendered":"http:\/\/www.bewegung-und-interaktion.at\/?page_id=122"},"modified":"2008-10-19T08:21:29","modified_gmt":"2008-10-19T08:21:29","slug":"about","status":"publish","type":"page","link":"https:\/\/bewegung-und-interaktion.at\/index.php\/about","title":{"rendered":"\u00dcber mich"},"content":{"rendered":"<p>Was mich in meinem Leben privat und beruflich besonders interessiert und besch\u00e4ftigt, ist, wie <strong>Interaktion <\/strong>von Menschen in unterschiedlichen Lebenssituationen, aus unterschiedlichen Kulturen, \u00fcber Sprachgrenzen hinweg funktioniert. Ob Interaktion \u00fcberhaupt passiert und wenn, wie, unter welchen Bedingungen, in welcher Qualit\u00e4t, mit welcher Wirkung.<\/p>\n<p>Ich bin 1954 geboren und in einem kleinen M\u00fchlviertler Ort mit 6 Geschwistern in einem Gasthaus aufgewachsen. Da konnte ich in meiner Kindheit schon viel Erfahrung mit mehr oder weniger gelingender Kommunikation sammeln.<\/p>\n<p>Die meiste Zeit meines Lebens habe ich im Gesundheitswesen gearbeitet. Zuerst im In- und Ausland als Gesundheits- und Krankenschwester direkt mit kranken, pflegebed\u00fcrftigen Menschen. Seit \u00fcber 20 Jahren arbeite ich in der Erwachsenenbildung im Gesundheitsbereich.<\/p>\n<p>Damit bin ich bei meinem zweiten Schwerpunkt angelangt, n\u00e4mlich der Frage: Wie passiert <strong>Lernen<\/strong>? Was kann unter <strong>Bildung<\/strong> verstanden werden?<\/p>\n<p>Besonders gepr\u00e4gt hat mich in diesem Zusammenhang meine Ausbildung zur <strong><a href=\"http:\/\/de.wikipedia.org\/wiki\/Kin%C3%A4sthetik\">Kinaesthetics<\/a>-Trainerin<\/strong>. Wenn ich heute nach meinem Beruf gefragt werde, dann sage ich nicht Gesundheits- und Krankenschwester, oder Pflegelehrerin (was beides stimmt und von dem Menschen eine Vorstellung, ein <strong>Bild<\/strong> haben), sondern eben Kinaesthetics-Trainerin. Von dem kaum jemand ein Bild hat. Das soll sich durch meinen Blog \u00e4ndern!<\/p>\n<p>Kinaesthetics bedeutet, durch die Wahrnehmung und Reflexion der eigenen Bewegung und die Entwicklung eigener <a title=\"Bewegungskompetenz auf Wikipedia\" href=\"http:\/\/de.wikipedia.org\/wiki\/Bewegungskompetenz\" target=\"_blank\"><strong>Bewegungskompetenz<\/strong><\/a> sich in einem st\u00e4ndigen selbst gesteuerten L\u00f6sungs orientieren Lernprozess zu befinden. Dieser Lernprozess bedingt nicht nur die Selbstwirksamkeit im eigenen Leben, sondern auch die Wirksamkeit von Interaktionen mit anderen Menschen.<\/p>\n<p>Ich habe selbst vielfach erfahren, dass die F\u00e4higkeit, <strong>Interaktion auf Augenh\u00f6he<\/strong> zu gestalten, nicht nur im Pflegeberuf, sondern auch in interkulturellen Kontakten eine unabdingbare Notwendigkeit ist.<\/p>\n","protected":false},"excerpt":{"rendered":"<p>Was mich in meinem Leben privat und beruflich besonders interessiert und besch\u00e4ftigt, ist, wie Interaktion von Menschen in unterschiedlichen Lebenssituationen, aus unterschiedlichen Kulturen, \u00fcber Sprachgrenzen hinweg funktioniert. Ob Interaktion \u00fcberhaupt passiert und wenn, wie, unter welchen Bedingungen, in welcher Qualit\u00e4t, &hellip; <a href=\"https:\/\/bewegung-und-interaktion.at\/index.php\/about\">Weiterlesen <span class=\"meta-nav\">&rarr;<\/span><\/a><\/p>\n","protected":false},"author":2,"featured_media":0,"parent":0,"menu_order":0,"comment_status":"open","ping_status":"closed","template":"","meta":{"footnotes":""},"class_list":["post-122","page","type-page","status-publish","hentry"],"yoast_head":"<!-- This site is optimized with the Yoast SEO plugin v27.5 - https:\/\/yoast.com\/product\/yoast-seo-wordpress\/ -->\n<title>\u00dcber mich - Bewegung und Interaktion<\/title>\n<meta name=\"robots\" content=\"index, follow, max-snippet:-1, max-image-preview:large, max-video-preview:-1\" \/>\n<link rel=\"canonical\" href=\"https:\/\/bewegung-und-interaktion.at\/index.php\/about\" \/>\n<meta property=\"og:locale\" content=\"de_DE\" \/>\n<meta property=\"og:type\" content=\"article\" \/>\n<meta property=\"og:title\" content=\"\u00dcber mich - Bewegung und Interaktion\" \/>\n<meta property=\"og:description\" content=\"Was mich in meinem Leben privat und beruflich besonders interessiert und besch\u00e4ftigt, ist, wie Interaktion von Menschen in unterschiedlichen Lebenssituationen, aus unterschiedlichen Kulturen, \u00fcber Sprachgrenzen hinweg funktioniert. Ob Interaktion \u00fcberhaupt passiert und wenn, wie, unter welchen Bedingungen, in welcher Qualit\u00e4t, &hellip; Weiterlesen &rarr;\" \/>\n<meta property=\"og:url\" content=\"https:\/\/bewegung-und-interaktion.at\/index.php\/about\" \/>\n<meta property=\"og:site_name\" content=\"Bewegung und Interaktion\" \/>\n<meta name=\"twitter:card\" content=\"summary_large_image\" \/>\n<meta name=\"twitter:label1\" content=\"Gesch\u00e4tzte Lesezeit\" \/>\n\t<meta name=\"twitter:data1\" content=\"1\u00a0Minute\" \/>\n<script type=\"application\/ld+json\" class=\"yoast-schema-graph\">{\"@context\":\"https:\\\/\\\/schema.org\",\"@graph\":[{\"@type\":\"WebPage\",\"@id\":\"https:\\\/\\\/bewegung-und-interaktion.at\\\/index.php\\\/about\",\"url\":\"https:\\\/\\\/bewegung-und-interaktion.at\\\/index.php\\\/about\",\"name\":\"\u00dcber mich - Bewegung und Interaktion\",\"isPartOf\":{\"@id\":\"https:\\\/\\\/bewegung-und-interaktion.at\\\/#website\"},\"datePublished\":\"2008-10-19T08:21:29+00:00\",\"breadcrumb\":{\"@id\":\"https:\\\/\\\/bewegung-und-interaktion.at\\\/index.php\\\/about#breadcrumb\"},\"inLanguage\":\"de\",\"potentialAction\":[{\"@type\":\"ReadAction\",\"target\":[\"https:\\\/\\\/bewegung-und-interaktion.at\\\/index.php\\\/about\"]}]},{\"@type\":\"BreadcrumbList\",\"@id\":\"https:\\\/\\\/bewegung-und-interaktion.at\\\/index.php\\\/about#breadcrumb\",\"itemListElement\":[{\"@type\":\"ListItem\",\"position\":1,\"name\":\"Startseite\",\"item\":\"https:\\\/\\\/bewegung-und-interaktion.at\\\/\"},{\"@type\":\"ListItem\",\"position\":2,\"name\":\"\u00dcber mich\"}]},{\"@type\":\"WebSite\",\"@id\":\"https:\\\/\\\/bewegung-und-interaktion.at\\\/#website\",\"url\":\"https:\\\/\\\/bewegung-und-interaktion.at\\\/\",\"name\":\"Bewegung und Interaktion\",\"description\":\"von Hermine Moser\",\"potentialAction\":[{\"@type\":\"SearchAction\",\"target\":{\"@type\":\"EntryPoint\",\"urlTemplate\":\"https:\\\/\\\/bewegung-und-interaktion.at\\\/?s={search_term_string}\"},\"query-input\":{\"@type\":\"PropertyValueSpecification\",\"valueRequired\":true,\"valueName\":\"search_term_string\"}}],\"inLanguage\":\"de\"}]}<\/script>\n<!-- \/ Yoast SEO plugin. -->","yoast_head_json":{"title":"\u00dcber mich - Bewegung und Interaktion","robots":{"index":"index","follow":"follow","max-snippet":"max-snippet:-1","max-image-preview":"max-image-preview:large","max-video-preview":"max-video-preview:-1"},"canonical":"https:\/\/bewegung-und-interaktion.at\/index.php\/about","og_locale":"de_DE","og_type":"article","og_title":"\u00dcber mich - Bewegung und Interaktion","og_description":"Was mich in meinem Leben privat und beruflich besonders interessiert und besch\u00e4ftigt, ist, wie Interaktion von Menschen in unterschiedlichen Lebenssituationen, aus unterschiedlichen Kulturen, \u00fcber Sprachgrenzen hinweg funktioniert. Ob Interaktion \u00fcberhaupt passiert und wenn, wie, unter welchen Bedingungen, in welcher Qualit\u00e4t, &hellip; Weiterlesen &rarr;","og_url":"https:\/\/bewegung-und-interaktion.at\/index.php\/about","og_site_name":"Bewegung und Interaktion","twitter_card":"summary_large_image","twitter_misc":{"Gesch\u00e4tzte Lesezeit":"1\u00a0Minute"},"schema":{"@context":"https:\/\/schema.org","@graph":[{"@type":"WebPage","@id":"https:\/\/bewegung-und-interaktion.at\/index.php\/about","url":"https:\/\/bewegung-und-interaktion.at\/index.php\/about","name":"\u00dcber mich - Bewegung und Interaktion","isPartOf":{"@id":"https:\/\/bewegung-und-interaktion.at\/#website"},"datePublished":"2008-10-19T08:21:29+00:00","breadcrumb":{"@id":"https:\/\/bewegung-und-interaktion.at\/index.php\/about#breadcrumb"},"inLanguage":"de","potentialAction":[{"@type":"ReadAction","target":["https:\/\/bewegung-und-interaktion.at\/index.php\/about"]}]},{"@type":"BreadcrumbList","@id":"https:\/\/bewegung-und-interaktion.at\/index.php\/about#breadcrumb","itemListElement":[{"@type":"ListItem","position":1,"name":"Startseite","item":"https:\/\/bewegung-und-interaktion.at\/"},{"@type":"ListItem","position":2,"name":"\u00dcber mich"}]},{"@type":"WebSite","@id":"https:\/\/bewegung-und-interaktion.at\/#website","url":"https:\/\/bewegung-und-interaktion.at\/","name":"Bewegung und Interaktion","description":"von Hermine Moser","potentialAction":[{"@type":"SearchAction","target":{"@type":"EntryPoint","urlTemplate":"https:\/\/bewegung-und-interaktion.at\/?s={search_term_string}"},"query-input":{"@type":"PropertyValueSpecification","valueRequired":true,"valueName":"search_term_string"}}],"inLanguage":"de"}]}},"_links":{"self":[{"href":"https:\/\/bewegung-und-interaktion.at\/index.php\/wp-json\/wp\/v2\/pages\/122","targetHints":{"allow":["GET"]}}],"collection":[{"href":"https:\/\/bewegung-und-interaktion.at\/index.php\/wp-json\/wp\/v2\/pages"}],"about":[{"href":"https:\/\/bewegung-und-interaktion.at\/index.php\/wp-json\/wp\/v2\/types\/page"}],"author":[{"embeddable":true,"href":"https:\/\/bewegung-und-interaktion.at\/index.php\/wp-json\/wp\/v2\/users\/2"}],"replies":[{"embeddable":true,"href":"https:\/\/bewegung-und-interaktion.at\/index.php\/wp-json\/wp\/v2\/comments?post=122"}],"version-history":[{"count":0,"href":"https:\/\/bewegung-und-interaktion.at\/index.php\/wp-json\/wp\/v2\/pages\/122\/revisions"}],"wp:attachment":[{"href":"https:\/\/bewegung-und-interaktion.at\/index.php\/wp-json\/wp\/v2\/media?parent=122"}],"curies":[{"name":"wp","href":"https:\/\/api.w.org\/{rel}","templated":true}]}}

Über mich

<p>Was mich in meinem Leben privat und beruflich besonders interessiert und beschäftigt, ist, wie <strong>Interaktion </strong>von Menschen in unterschiedlichen Lebenssituationen, aus unterschiedlichen Kulturen, über Sprachgrenzen hinweg funktioniert. Ob Interaktion überhaupt passiert und wenn, wie, unter welchen Bedingungen, in welcher Qualität, mit welcher Wirkung.</p>
<p>Ich bin 1954 geboren und in einem kleinen Mühlviertler Ort mit 6 Geschwistern in einem Gasthaus aufgewachsen. Da konnte ich in meiner Kindheit schon viel Erfahrung mit mehr oder weniger gelingender Kommunikation sammeln.</p>
<p>Die meiste Zeit meines Lebens habe ich im Gesundheitswesen gearbeitet. Zuerst im In- und Ausland als Gesundheits- und Krankenschwester direkt mit kranken, pflegebedürftigen Menschen. Seit über 20 Jahren arbeite ich in der Erwachsenenbildung im Gesundheitsbereich.</p>
<p>Damit bin ich bei meinem zweiten Schwerpunkt angelangt, nämlich der Frage: Wie passiert <strong>Lernen</strong>? Was kann unter <strong>Bildung</strong> verstanden werden?</p>
<p>Besonders geprägt hat mich in diesem Zusammenhang meine Ausbildung zur <strong><a href="http://de.wikipedia.org/wiki/Kin%C3%A4sthetik">Kinaesthetics</a>-Trainerin</strong>. Wenn ich heute nach meinem Beruf gefragt werde, dann sage ich nicht Gesundheits- und Krankenschwester, oder Pflegelehrerin (was beides stimmt und von dem Menschen eine Vorstellung, ein <strong>Bild</strong> haben), sondern eben Kinaesthetics-Trainerin. Von dem kaum jemand ein Bild hat. Das soll sich durch meinen Blog ändern!</p>
<p>Kinaesthetics bedeutet, durch die Wahrnehmung und Reflexion der eigenen Bewegung und die Entwicklung eigener <a title="Bewegungskompetenz auf Wikipedia" href="http://de.wikipedia.org/wiki/Bewegungskompetenz" target="_blank"><strong>Bewegungskompetenz</strong></a> sich in einem ständigen selbst gesteuerten Lösungs orientieren Lernprozess zu befinden. Dieser Lernprozess bedingt nicht nur die Selbstwirksamkeit im eigenen Leben, sondern auch die Wirksamkeit von Interaktionen mit anderen Menschen.</p>
<p>Ich habe selbst vielfach erfahren, dass die Fähigkeit, <strong>Interaktion auf Augenhöhe</strong> zu gestalten, nicht nur im Pflegeberuf, sondern auch in interkulturellen Kontakten eine unabdingbare Notwendigkeit ist.</p>

<p>Was mich in meinem Leben privat und beruflich besonders interessiert und beschäftigt, ist, wie Interaktion von Menschen in unterschiedlichen Lebenssituationen, aus unterschiedlichen Kulturen, über Sprachgrenzen hinweg funktioniert. Ob Interaktion überhaupt passiert und wenn, wie, unter welchen Bedingungen, in welcher Qualität, &hellip; <a href="https://bewegung-und-interaktion.at/index.php/about">Weiterlesen <span class="meta-nav">&rarr;</span></a></p>

<!-- This site is optimized with the Yoast SEO plugin v27.5 - https://yoast.com/product/yoast-seo-wordpress/ -->
<title>Über mich - Bewegung und Interaktion</title>
<meta name="robots" content="index, follow, max-snippet:-1, max-image-preview:large, max-video-preview:-1" />
<link rel="canonical" href="https://bewegung-und-interaktion.at/index.php/about" />
<meta property="og:locale" content="de_DE" />
<meta property="og:type" content="article" />
<meta property="og:title" content="Über mich - Bewegung und Interaktion" />
<meta property="og:description" content="Was mich in meinem Leben privat und beruflich besonders interessiert und beschäftigt, ist, wie Interaktion von Menschen in unterschiedlichen Lebenssituationen, aus unterschiedlichen Kulturen, über Sprachgrenzen hinweg funktioniert. Ob Interaktion überhaupt passiert und wenn, wie, unter welchen Bedingungen, in welcher Qualität, &hellip; Weiterlesen &rarr;" />
<meta property="og:url" content="https://bewegung-und-interaktion.at/index.php/about" />
<meta property="og:site_name" content="Bewegung und Interaktion" />
<meta name="twitter:card" content="summary_large_image" />
<meta name="twitter:label1" content="Geschätzte Lesezeit" />
	<meta name="twitter:data1" content="1 Minute" />
<script type="application/ld+json" class="yoast-schema-graph">{"@context":"https:\/\/schema.org","@graph":[{"@type":"WebPage","@id":"https:\/\/bewegung-und-interaktion.at\/index.php\/about","url":"https:\/\/bewegung-und-interaktion.at\/index.php\/about","name":"Über mich - Bewegung und Interaktion","isPartOf":{"@id":"https:\/\/bewegung-und-interaktion.at\/#website"},"datePublished":"2008-10-19T08:21:29+00:00","breadcrumb":{"@id":"https:\/\/bewegung-und-interaktion.at\/index.php\/about#breadcrumb"},"inLanguage":"de","potentialAction":[{"@type":"ReadAction","target":["https:\/\/bewegung-und-interaktion.at\/index.php\/about"]}]},{"@type":"BreadcrumbList","@id":"https:\/\/bewegung-und-interaktion.at\/index.php\/about#breadcrumb","itemListElement":[{"@type":"ListItem","position":1,"name":"Startseite","item":"https:\/\/bewegung-und-interaktion.at\/"},{"@type":"ListItem","position":2,"name":"Über mich"}]},{"@type":"WebSite","@id":"https:\/\/bewegung-und-interaktion.at\/#website","url":"https:\/\/bewegung-und-interaktion.at\/","name":"Bewegung und Interaktion","description":"von Hermine Moser","potentialAction":[{"@type":"SearchAction","target":{"@type":"EntryPoint","urlTemplate":"https:\/\/bewegung-und-interaktion.at\/?s={search_term_string}"},"query-input":{"@type":"PropertyValueSpecification","valueRequired":true,"valueName":"search_term_string"}}],"inLanguage":"de"}]}</script>
<!-- / Yoast SEO plugin. -->

Über mich - Bewegung und Interaktion

Was mich in meinem Leben privat und beruflich besonders interessiert und beschäftigt, ist, wie Interaktion von Menschen in unterschiedlichen Lebenssituationen, aus unterschiedlichen Kulturen, über Sprachgrenzen hinweg funktioniert. Ob Interaktion überhaupt passiert und wenn, wie, unter welchen Bedingungen, in welcher Qualität, &hellip; Weiterlesen &rarr;
